e m(-114).
114
Let p(q) = 37*q + 2003. Determine p(-54).
5
Let a(y) = 3*y**3 - 35*y**2 + 105*y - 60. Give a(4).
-8
Let d(q) = -q**2 + 38*q - 319. Calculate d(27).
-22
Let l(k) = -k**3 - 3*k**2 + 190*k - 3. Calculate l(0).
-3
Let g(h) = 2*h**2 + 26*h + 22. Calculate g(-6).
-62
Let f(l) = -15*l**2 + 197*l - 459. Calculate f(3).
-3
Let i(m) = m**2 + 19*m - 315. Determine i(10).
-25
Let r(h) = -5*h**2 + 399*h + 168. Give r(80).
88
Let q(h) = h**2 + 9*h - 112. Calculate q(8).
24
Let a(l) = 2*l**3 + 2*l**2 - 5*l - 16. Calculate a(-4).
-92
Let l(z) = -z**3 - 15*z**2 - 13*z + 25. Give l(-15).
220
Let q(k) = 2*k**2 + 209*k + 3887. What is q(-25)?
-88
Let r(w) = -w + 76. Give r(45).
31
Let o(f) = -120*f - 216. Calculate o(-4).
264
Let m(u) = -836*u + 1651. Calculate m(2).
-21
Let u(c) = -3*c**2 - 105*c - 521. Give u(-29).
1
Let o(y) = y**2 - 2*y - 179. Give o(11).
-80
Let c(p) = -22*p + 116. Calculate c(0).
116
Let d(p) = -57*p + 48. Determine d(0).
48
Let j(s) = s**3 - 3*s**2 + 208. What is j(0)?
208
Let a(u) = 2*u**2 - 236*u - 950. Determine a(122).
26
Let m(b) = -13*b**2 + 67*b + 125. Determine m(-2).
-61
Let o(l) = l**3 + 73*l**2 - 73*l + 93. Calculate o(-74).
19
Let o(d) = -148*d - 1178. What is o(-8)?
6
Let g(w) = -w**3 + 20*w**2 - 195*w + 3341. What is g(19)?
-3
Let h(w) = w**3 - 21*w**2 + 38*w - 2. Calculate h(19).
-2
Let i(w) = w**3 - 42*w**2 + 349*w - 50. Calculate i(11).
38
Let g(a) = -2*a**3 + 55*a**2 + 375*a - 383. What is g(33)?
13
Let d(u) = 2*u**3 - 174*u**2 + 22*u - 1923. Give d(87).
-9
Let k(o) = 2*o**3 - 29*o**2 + 12*o + 91. Determine k(13).
-260
Let i(r) = -r**3 + 110*r**2 + 53*r + 6418. Give i(111).
-20
Let n(a) = -a**2 - 46*a - 27. Determine n(-41).
178
Let v(w) = -3*w**2 - 36*w - 85. Calculate v(-7).
20
Let f(m) = -580*m + 4061. What is f(7)?
1
Let g(v) = -7*v + 91. Give g(8).
35
Let d(m) = -15*m - 1413. Determine d(-94).
-3
Let c(f) = -196*f - 13. Give c(-2).
379
Let r(k) = -2*k**2 + 10*k - 25. Give r(4).
-17
Let m(j) = 52*j - 119. Determine m(2).
-15
Let v(z) = -2*z**3 + 90*z**2 + 279*z + 376. Determine v(48).
-56
Let b(q) = -q**3 - 35*q**2 + 109*q + 1295. Give b(-37).
0
Let r(v) = -5*v**2 - 36*v - 62. Give r(-5).
-7
Let r(v) = -v**2 - 56*v - 428. Determine r(-46).
32
Let y(b) = 56*b + 2837. What is y(-50)?
37
Let o(q) = 514*q + 24662. Determine o(-48).
-10
Let u(d) = d**3 + 66*d**2 + 191*d + 142. Determine u(-63).
16
Let d(a) = -a**2 - 139*a - 1333. Calculate d(-11).
75
Let f(n) = 4*n**2 + 20*n + 81. Give f(-8).
177
Let c(q) = q**2 + 3785*q - 11336. What is c(3)?
28
Let k(d) = -541*d + 8076. What is k(15)?
-39
Let i(w) = -4*w**2 - 12*w - 55. Give i(-10).
-335
Let s(g) = -g**3 - 13*g**2 + 48*g - 30. What is s(-16)?
-30
Let f(g) = 3*g - 24. What is f(-4)?
-36
Let k(h) = -h**3 + 17*h**2 - 333*h + 6247. Calculate k(18).
-71
Let z(r) = 19*r**2 + 15*r - 2. Calculate z(-4).
242
Let p(v) = v**2 + 237*v + 2270. Determine p(-10).
0
Let y(v) = -2*v**2 - 77*v - 31. What is y(-38)?
7
Let j(c) = -2*c - 62. What is j(-9)?
-44
Let z(q) = -36*q - 1721. Give z(-48).
7
Let p(g) = -g**3 + 23*g**2 - 35*g - 170. Calculate p(4).
-6
Let m(y) = -20*y**2 - 352*y - 13. Determine m(-17).
191
Let b(l) = -l**3 + 16*l**2 + 154*l + 187. What is b(23)?
26
Let n(v) = v**2 + 105*v + 2769. Determine n(-49).
25
Let d(l) = -2*l**3 - 63*l**2 + 36*l - 193. What is d(-32)?
-321
Let b(s) = 4*s**2 - 12*s - 159. What is b(-5)?
1
Let d(g) = g**3 - 16*g**2 + 35*g + 21. What is d(14)?
119
Let f(w) = 4*w - 3. What is f(5)?
17
Let n(q) = 3*q**2 - 20*q - 94. Determine n(10).
6
Let l(s) = -266*s**2 + 1063*s + 8. What is l(4)?
4
Let x(z) = -40*z - 523. What is x(-14)?
37
Let f(h) = 6*h**2 - 4*h - 3. Give f(-5).
167
Let r(j) = 138*j + 949. Calculate r(-7).
-17
Let v(o) = -o**3 - 23*o**2 + 50*o - 34. Give v(-25).
-34
Let j(z) = 1502*z - 51086. Give j(34).
-18
Let t(a) = 5*a**3 - a**2 + 3*a - 618. Calculate t(0).
-618
Let h(k) = k**2 + 231*k - 6752. What is h(-257)?
-70
Let u(y) = y**3 - 17*y**2 - 11*y - 63. Calculate u(16).
-495
Let z(r) = -2*r - 21. Calculate z(-13).
5
Let y(l) = 11*l - 144. Give y(11).
-23
Let n(r) = -r**3 + 73*r**2 - 340*r - 14. Calculate n(68).
-14
Let a(c) = 345*c - 2044. Give a(5).
-319
Let h(c) = -74*c - 359. Give h(-6).
85
Let x(f) = f**2 + 36*f - 333. Give x(11).
184
Let p(g) = -29*g**2 + 412*g - 77. What is p(14)?
7
Let s(l) = 86*l**2 + 864*l - 21. Determine s(-10).
-61
Let r(c) = 12*c**2 + 71*c + 75. Determine r(-5).
20
Let m(x) = -x**2 - 52*x + 250. Calculate m(5).
-35
Let s(x) = x**3 - 48*x**2 + 8*x - 385. Give s(48).
-1
Let k(w) = -60*w - 1092. Calculate k(-18).
-12
Let z(l) = -l**3 - 26*l**2 + 50*l + 40. Give z(-28).
208
Let w(o) = 461*o + 4620. Give w(-10).
10
Let g(n) = -n**3 + 14*n**2 + 8*n - 190. What is g(12)?
194
Let m(n) = n**3 + 16*n**2 - 13*n - 35. Calculate m(-17).
-103
Let k(t) = -t**3 - 6*t**2 + 8*t - 71. Calculate k(-8).
-7
Let r(j) = -j**2 - 30*j - 11. Calculate r(0).
-11
Let u(x) = -60*x - 621. Determine u(-14).
219
Let d(k) = k**3 + 15*k**2 - 2*k - 33. Give d(-15).
-3
Let z(w) = w**3 + 4*w**2 - 77*w - 143. Give z(-10).
27
Let w(z) = -z**3 - 149*z**2 - 872*z - 2015. Calculate w(-143).
-13
Let p(j) = -4*j**3 + 137*j**2 - 35*j + 45. Give p(34).
11
Let r(h) = 238*h**2 + 1183*h - 45. Give r(-5).
-10
Let g(l) = -2*l**3 + 51*l**2 + 22*l - 22. Calculate g(26).
-126
Let t(g) = 2*g**3 + 5*g**2 - 17*g - 10. Calculate t(-7).
-332
Let a(z) = -98*z**2 + 204*z + 207. What is a(-1)?
-95
Let c(j) = j**2 - 199*j - 1010. Determine c(-5).
10
Let l(g) = -2499*g - 5079. Calculate l(-2).
-81
Let w(l) = -l**3 - 135*l**2 - 776*l - 239. Give w(-129).
19
Let n(r) = r**2 + 4*r - 12. What is n(9)?
105
Let k(v) = -v**3 + 88*v**2 + 101*v - 1084. Calculate k(89).
-16
Let w(d) = d**3 - 29*d**2 - 172*d + 64. Give w(34).
-4
Let q(z) = -6*z**2 + 150*z - 656. Determine q(21).
-152
Let n(z) = -2*z**3 + 15*z**2 + 8*z - 22. What is n(7)?
83
Let n(m) = -m**2 - 12*m - 30. What is n(-9)?
-3
Let a(r) = -44*r - 1704. Calculate a(-36).
-120
Let u(n) = -7*n**2 + 73*n - 21. Calculate u(10).
9
Let c(o) = -324*o - 13663. Calculate c(-42).
-55
Let d(q) = -16*q - 2219. Give d(-138).
-11
Let j(w) = -4*w**2 - 37*w - 47. What is j(-17)?
-574
Let t(z) = -32*z - 620. Calculate t(-21).
52
Let j(o) = -o**3 - 86*o**2 + 4*o + 288. Calculate j(-86).
-56
Let s(t) = -27*t + 733. Give s(15).
328
Let q(h) = h**2 - 241*h + 12268. Determine q(168).
4
Let n(q) = 3*q**2 - 79*q + 467. Calculate n(17).
-9
Let o(p) = -23*p - 51. What is o(-4)?
41
Let s(j) = 136*j - 279. Determine s(2).
-7
Let w(l) = 13*l**3 - 23*l**2 - 3*l + 2. Determine w(0).
2
Let o(n) = -88*n**2 + 61*n - 62. Give o(1).
-89
Let m(y) = 604*y - 18118. Calculate m(30).
2
Let c(v) = 3022*v + 12086. Determine c(-4).
-2
Let u(r) = 3793*r + 18953. What is u(-5)?
-12
Let b(r) = 2581*r + 5177. What is b(-2)?
15
Let d(s) = -s**3 - 70*s**2 + 712*s + 83. Calculate d(-79).
4
Let f(a) = 79*a + 597. Give f(-7).
44
Let n(l) = l**3 - 190*l**2 + 561*l + 2. What is n(187)?
2
Let f(m) = 4*m**2 - 4*m - 185. What is f(-7)?
39
Let p(q) = q**3 + 4*q**2 - 149*q - 821. Give p(-6).
1
Let g(f) = -f**3 + 5*f**2 + 4*f - 9. Give g(4).
23
Let p(k) = -187*k**3 - k**2 + k. Calculate p(1).
-187
Let y(k) = 17*k - 24. Calculate y(2).
10
Let k(q) = -q**2 + 1318*q + 183511. Give k(-127).
-4
Let u(i) = 8*i - 87. What is u(5)?
-47
Let p(f) = -10*f**2 - 333*f - 60. Calculate p(-33).
39
Let z(s) = -3*s + 36. Determine z(27).
-45
Let f(v) = -v**2 + 102*v - 2459. What is f(39)?
-2
Let n(q) = 38*q - 39. Determine n(20).
721
Let i(y) = y**3 - 23*y**2 - 114*y + 3010. Calculate i(22).
18
Let c(g) = -g**3 + 28*g**2 + 30*g - 14. Determine c(29).
15
Let t(r) = r**3 - 25*r**2 - 58*r - 47. Give t(27).
-155
Let w(n) = n**3 - 159*n**2 + 2164*n - 550. Give w(144).
26
Let i(q) = 3150*q - 18902. Give i(6).
-2
Let r(c) = -c**3 - 39*c**2 + 92*c + 404. Give r(-41).
-6
Let y(q) = -558*q - 5580. Give y(-10).
0
Let b(z) = -57*z - 264. Calculate b(-4).
-36
Let n(i) = i**2 + 168*i + 1295. Determine n(-8).
15
Let q(f) = -592*f - 601. Determine q(-1).
-9
Let c(t) = 3*t**2 + 117*t + 136. What is c(-38)?
22
Let a(b) = -21*b - 453. What is a(-21)?
-12
Let r(w) = -239*w**2 + 31310*w - 98. Calculate r(131).
33
Let f(j) = 1625*j - 4929. Determine f(3).
-54
Let i(f) = -f**2 + 39*f - 57. Calculate i(26).
28